 - -531?
533
In base 14, what is -400 + 13?
-3cb
In base 10, what is 96 + -11?
85
In base 6, what is 1210 - 1?
1205
In base 6, what is 15 + -343?
-324
In base 14, what is -16 - 4?
-1a
In base 8, what is -11 - 4?
-15
In base 3, what is 2 + -121?
-112
In base 10, what is 87 - -5?
92
In base 2, what is 110 + -1011110110?
-1011110000
In base 14, what is -104b - 3?
-1050
In base 16, what is 93 + 19?
ac
In base 8, what is 203 + 3?
206
In base 7, what is -1 - -211?
210
In base 14, what is -1c + -28?
-46
In base 2, what is 10111000 + 101010?
11100010
In base 6, what is -15352 + -3?
-15355
In base 12, what is -56 + b?
-47
In base 13, what is 4 - -bb?
c2
In base 4, what is 10 + 1?
11
In base 9, what is -18 + -2?
-21
In base 6, what is -1 + 235?
234
In base 5, what is 31 + 3?
34
In base 13, what is 3 + 93?
96
In base 11, what is -5 - 3296?
-32a0
In base 14, what is -7a - 0?
-7a
In base 16, what is 7e + 5?
83
In base 9, what is 8015 + 3?
8018
In base 15, what is 196 - 0?
196
In base 12, what is -2 - -6?
4
In base 5, what is -401 - 1?
-402
In base 6, what is 24 - -105?
133
In base 6, what is 500 - -2?
502
In base 5, what is 3041 + 221?
3312
In base 6, what is 13 + 10?
23
In base 12, what is a - -98?
a6
In base 7, what is 1143 + 0?
1143
In base 6, what is 5 - -44141?
44150
In base 3, what is -10 + 122?
112
In base 13, what is -a7 + -47?
-121
In base 8, what is 6 + 2120?
2126
In base 16, what is 21c - -2?
21e
In base 10, what is -1 - 1110?
-1111
In base 15, what is -1 - 378?
-379
In base 10, what is -1719 + 2?
-1717
In base 4, what is -123 - -111?
-12
In base 12, what is -64 + -5?
-69
In base 16, what is 0 - 4b?
-4b
In base 4, what is 0 + -30?
-30
In base 4, what is 232 + -10?
222
In base 11, what is -5 - -46?
41
In base 8, what is 4 + -324?
-320
In base 4, what is -1 - 3102?
-3103
In base 12, what is 630 - 6?
626
In base 10, what is 65 + 18?
83
In base 3, what is 11 - 1110122?
-1110111
In base 6, what is -4 - 452?
-500
In base 15, what is -9 + -566?
-570
In base 4, what is 2 - -3003?
3011
In base 13, what is -2 - 1a?
-1c
In base 13, what is -99 + 14?
-85
In base 15, what is -1d + -4?
-22
In base 10, what is -80 - -19?
-61
In base 10, what is -13 - -223?
210
In base 2, what is -100 + -100110011?
-100110111
In base 3, what is 11 + -2002222?
-2002211
In base 10, what is -146 + 3?
-143
In base 14, what is 88 - -3?
8b
In base 15, what is 4 + -28?
-24
In base 13, what is b5 + 2?
b7
In base 16, what is 17f - -5?
184
In base 5, what is 10 - 231?
-221
In base 10, what is -276 - -1?
-275
In base 3, what is 11 + -21120021?
-21120010
In base 9, what is -88 + -8?
-107
In base 16, what is -6 - 1c1?
-1c7
In base 8, what is -5 + -105?
-112
In base 8, what is -2 - 64?
-66
In base 15, what is -1 - 88?
-89
In base 6, what is 31 + -140?
-105
In base 7, what is -1115 + 42?
-1043
In base 4, what is 3 + 130?
133
In base 4, what is 1 - -200?
201
In base 6, what is -2133 + 5?
-2124
In base 16, what is d + 5?
12
In base 9, what is -3 - 41?
-44
In base 5, what is -142 - -10?
-132
In base 4, what is 23322 + -2?
23320
In base 7, what is 4 + 43?
50
In base 7, what is 4 - -1422?
1426
In base 7, what is 3415 + -3?
3412
In base 12, what is 4 + 813?
817
In base 2, what is -110010 + 10000000?
1001110
In base 3, what is 1000 + -22?
201
In base 11, what is 20 - 19?
2
In base 9, what is -32 + 40?
7
In base 4, what is -11 - -123003?
122332
In base 10, what is -3717 - -3?
-3714
In base 13, what is -5831 - 4?
-5835
In base 12, what is -40 + 33?
-9
In base 4, what is 12000 + 11?
12011
In base 4, what is 1 - -23222?
23223
In base 2, what is -1011110110 - -111?
-1011101111
In base 6, what is -2304 + -12?
-2320
In base 13, what is 52 - 5?
4a
In base 8, what is 5 + 145?
152
In base 13, what is -4 - -742?
73b
In base 16, what is -4c5 + -7?
-4cc
In base 6, what is 13 + -13?
0
In base 7, what is 15133 - -1?
15134
In base 12, what is -4 - -28?
24
In base 5, what is -312 - -200?
-112
In base 13, what is 1 + 349?
34a
In base 16, what is 26 - -4?
2a
In base 15, what is 457 + 12?
469
In base 5, what is 431223 - -3?
431231
In base 11, what is 296 - 1?
295
In base 11, what is -4 + 438?
434
In base 2, what is -111 - -1000000?
111001
In base 12, what is -3 - -32?
2b
In base 16, what is e8f + 2?
e91
In base 2, what is 1 + 10010?
10011
In base 15, what is -2 + 43e?
43c
In base 11, what is 3 - 5?
-2
In base 15, what is -4 + 4b?
47
In base 10, what is -1 + -7965?
-7966
In base 12, what is -3126 + 1?
-3125
In base 10, what is -24721 - 4?
-24725
In base 7, what is -242 + 1?
-241
In base 3, what is -20200 + -2?
-20202
In base 6, what is -444 + -5?
-453
In base 7, what is -31 - -33?
2
In base 6, what is -4 - 344?
-352
In base 7, what is -35 - -13?
-22
In base 7, what is -4 - -125?
121
In base 9, what is -100 + -4?
-104
In base 5, what is 11044 + 12?
11111
In base 12, what is 24b3 + 1?
24b4
In base 10, what is -985 - 4?
-989
In base 12, what is 2 + -105?
-103
In base 16, what is 4 - 4f9?
-4f5
In base 12, what is 4 + -68?
-64
In base 14, what is -b6a + -5?
-b71
In base 6, what is 2 + -1244?
-1242
In base 13, what is -764 + -8?
-76c
In base 8, what is -7 + 2?
-5
In base 12, what is -88 - -4?
-84
In base 7, what is 4260 - 2?
4255
In base 14, what is -1dc - 4?
-202
In base 12, what is -127 - -1?
-126
In base 8, what is 4 + -247?
-243
In base 13, what is -a - -2?
-8
In base 5, what is 1 - 4014?
-4013
In base 3, what is -10101 + -10?
-10111
In base 8, what is 5 + 316?
323
In base 11, what is 8 + 5?
12
In base 5, what is 3 + -1330?
-1322
In base 8, what is -1553 - -5?
-1546
In base 11, what is -1043 - -2?
-1041
In base 4, what is 10 + 3113?
3123
In base 11, what is -45 + -5a?
-a4
In base 14, what is -225 - -5?
-220
In base 10, what is 743 + 20?
763
In base 11, what is 1 + -86?
-85
In base 15, what is 51c - -17?
534
In base 11, what is -2 - 544?
-546
In base 2, what is -111 + 0?
-111
In base 10, what is 1189 - 4?
1185
In base 12, what is -9 + -5a?
-67
In base 13, what is -11 + -15?
-26
In base 4, what is -1302 - -110?
-1132
In base 3, what is 1 + 21012?
21020
In base 6, what is -3 - 324?
-331
In base 15, what is 6 + -2e?
-28
In base 9, what is 207 - 5?
202
In base 12, what is -5 - -12?
9
In base 5, what is 42331 + -10?
42321
In base 16, what is 58 + -5?
53
In base 10, what is 96 - -1?
97
In base 12, what is 0 + -236?
-236
In base 9, what is 12 + 61?
73
In base 6, what is -250 + 11?
-235
In base 2, what is 10010 - 10100?
-10
In base 2, what is -100000011 - -101?
-11111110
In base 2, what is -101 - -100111100?
100110111
In base 14, what is -3 - 33d?
-342
In base 3, what is -12 + -120220?
-121002
In base 14, what is dd8 + 3?
ddb
In base 5, what is 1 - 204?
-203
In base 6, what is 3 - -5231?
5234
In base 9, what is -4 + 1060?
1055
In base 4, what is 2 - 1131?
-1123
In base 4, what is -132 + -2?
-200
In base 10, what is 41 - 1?
40
In base 4, what is 2000 + -2030?
-30
In base 6, what is 25504 + 4?
25512
In base 9, what is 36 + 23?
60
In base 8, what is 33 + -137?
-104
In base 16, what is -34 + e?
-26
In base 11, what is -5 - a?
-14
In base 15, what is -1dd0 - -1?
-1dce
In base 3, what is 100120 + 121?
101011
In base 14, what is 3 + 6b?
70
In base 6, what is 2501 - 5?
2452
In base 5, what is -123311 - 4?
-123320
In base 7, what is 4 - 31?
-24
In base 8, what is 22 + 3?
25
In base 12, what is -655 + 2?
-653
In base 16, what is 4 + -2c6?
-2c2
In base 12, what is 30b + -5?
306
In base 14, what is -40 + 3b?
-3
In base 6, what is -140 + 5?
-131
In base 4, what is 1003 - -10?
1013
In base 4, what is -300 - -1020?
120
In base 9, what is -106 + 101?
-5
In base 3, what is -101 - 10221?
-11022
In base 5, what is 4 - -4022?
4031
In base 3, what is -1220 + 12?
-1201
In base 6, what is -15 + 553?
534
In base 5, what is -21 + -3221?
-3242
In base 3, what is -122 - -1200?
1001
In base 4, what is -2313 - -2?
-2311
In base 10, what is 17 + -148?
-131
In base 10, what is -19 - -92?
73
In base 4, what is 3 - -312?
321
In base 4, what is -21232 - -1?
-21231
In base 13, what is -15 + 12?
-3
In base 11, what is 5 + 3317?
3321
In base 14, what is 2 - 6b7?
-6b5
In base 15, what is 56 - -1?
57
In base 3, what is -100 + 11?
-12
In base 13, what is 4a0a + -4?
4a06
In base 2, what is 101 - 1000110?
-1000001
In base 8, what is 150 - -1?
151
In base 12, what is 